 is the remainder when 3652230 is divided by 481?
478
Calculate the remainder when 529915 is divided by 690.
685
What is the remainder when 546032 is divided by 96?
80
Calculate the remainder when 304026 is divided by 304008.
18
What is the remainder when 5702 is divided by 8?
6
What is the remainder when 154542 is divided by 13?
11
Calculate the remainder when 107720 is divided by 1146.
1142
What is the remainder when 1665 is divided by 533?
66
Calculate the remainder when 30570 is divided by 59.
8
What is the remainder when 9993 is divided by 6?
3
What is the remainder when 32542 is divided by 105?
97
What is the remainder when 61363 is divided by 30678?
7
What is the remainder when 1892351 is divided by 64?
63
Calculate the remainder when 13480 is divided by 3367.
12
What is the remainder when 21012 is divided by 1616?
4
Calculate the remainder when 188754 is divided by 165.
159
What is the remainder when 1413 is divided by 42?
27
Calculate the remainder when 421985 is divided by 196.
193
What is the remainder when 14576 is divided by 453?
80
What is the remainder when 22768 is divided by 22?
20
Calculate the remainder when 759 is divided by 526.
233
What is the remainder when 123682 is divided by 41208?
58
What is the remainder when 5997 is divided by 301?
278
What is the remainder when 31609 is divided by 108?
73
What is the remainder when 13516 is divided by 1158?
778
Calculate the remainder when 5943 is divided by 1814.
501
Calculate the remainder when 609299 is divided by 203097.
8
What is the remainder when 3913 is divided by 508?
357
Calculate the remainder when 14835 is divided by 11.
7
What is the remainder when 312750 is divided by 4599?
18
What is the remainder when 26942 is divided by 20?
2
Calculate the remainder when 256 is divided by 250.
6
Calculate the remainder when 12757 is divided by 927.
706
What is the remainder when 248754 is divided by 124369?
16
What is the remainder when 295320 is divided by 49?
46
What is the remainder when 43879 is divided by 20?
19
Calculate the remainder when 134388 is divided by 890.
888
What is the remainder when 973 is divided by 4?
1
What is the remainder when 3483 is divided by 82?
39
Calculate the remainder when 192033 is divided by 22.
17
What is the remainder when 207031 is divided by 6678?
13
What is the remainder when 367178 is divided by 183587?
4
Calculate the remainder when 47153 is divided by 337.
310
Calculate the remainder when 17000 is divided by 8466.
68
Calculate the remainder when 46206 is divided by 23096.
14
What is the remainder when 265250 is divided by 64?
34
Calculate the remainder when 447981 is divided by 408.
405
What is the remainder when 29629 is divided by 28?
5
Calculate the remainder when 1469 is divided by 243.
11
Calculate the remainder when 4502 is divided by 450.
2
Calculate the remainder when 601 is divided by 453.
148
What is the remainder when 21558 is divided by 921?
375
What is the remainder when 11000 is divided by 71?
66
Calculate the remainder when 210913 is divided by 2572.
9
What is the remainder when 53 is divided by 10?
3
Calculate the remainder when 1404 is divided by 500.
404
Calculate the remainder when 123199 is divided by 123184.
15
What is the remainder when 17492 is divided by 1345?
7
Calculate the remainder when 171911 is divided by 377.
376
What is the remainder when 551 is divided by 82?
59
What is the remainder when 13828 is divided by 4555?
163
Calculate the remainder when 6190 is divided by 221.
2
Calculate the remainder when 1050856 is divided by 474.
472
Calculate the remainder when 481336 is divided by 187.
185
Calculate the remainder when 2093 is divided by 693.
14
What is the remainder when 6738 is divided by 463?
256
Calculate the remainder when 826117 is divided by 76.
73
Calculate the remainder when 150696 is divided by 75324.
48
What is the remainder when 115787 is divided by 352?
331
Calculate the remainder when 12879 is divided by 476.
27
What is the remainder when 17608 is divided by 1354?
6
What is the remainder when 68529 is divided by 4030?
19
Calculate the remainder when 14326 is divided by 1926.
844
Calculate the remainder when 61489 is divided by 2788.
153
What is the remainder when 3219 is divided by 1585?
49
Calculate the remainder when 48651 is divided by 3471.
57
Calculate the remainder when 466657 is divided by 20.
17
Calculate the remainder when 1374993 is divided by 12.
9
Calculate the remainder when 2078 is divided by 189.
188
What is the remainder when 573792 is divided by 6672?
0
What is the remainder when 61197 is divided by 68?
65
What is the remainder when 490 is divided by 269?
221
Calculate the remainder when 4053 is divided by 1698.
657
Calculate the remainder when 562 is divided by 245.
72
Calculate the remainder when 35731 is divided by 160.
51
Calculate the remainder when 7619 is divided by 2420.
359
What is the remainder when 147147 is divided by 545?
542
Calculate the remainder when 5865 is divided by 57.
51
Calculate the remainder when 15223 is divided by 15.
13
Calculate the remainder when 96764 is divided by 108.
104
Calculate the remainder when 4095 is divided by 170.
15
What is the remainder when 562 is divided by 132?
34
Calculate the remainder when 7229 is divided by 479.
44
What is the remainder when 196854 is divided by 19?
14
What is the remainder when 3315 is divided by 473?
4
What is the remainder when 9148 is divided by 456?
28
Calculate the remainder when 4453 is divided by 1865.
723
What is the remainder when 2257 is divided by 2256?
1
Calculate the remainder when 59242 is divided by 15.
7
What is the remainder when 5033 is divided by 2506?
21
What is the remainder when 2787 is divided by 1361?
65
Calculate the remainder when 5666 is divided by 19.
4
Calculate the remainder when 106293 is divided by 75.
18
Calculate the remainder when 920303 is divided by 126.
125
Calculate the remainder when 11028 is divided by 2427.
1320
Calculate the remainder when 10981 is divided by 1015.
831
Calculate the remainder when 26719 is divided by 334.
333
What is the remainder when 103221 is divided by 279?
270
What is the remainder when 252174 is divided by 2741?
2
What is the remainder when 1356 is divided by 1349?
7
What is the remainder when 4606 is divided by 54?
16
Calculate the remainder when 139718 is divided by 100.
18
What is the remainder when 219664 is divided by 73219?
7
Calculate the remainder when 247483 is divided by 257.
249
What is the remainder when 1700 is divided by 210?
20
Calculate the remainder when 429077 is divided by 680.
677
Calculate the remainder when 559012 is divided by 15108.
16
Calculate the remainder when 19497 is divided by 75.
72
What is the remainder when 4521 is divided by 2?
1
What is the remainder when 3305227 is divided by 189?
184
Calculate the remainder when 1045 is divided by 26.
5
Calculate the remainder when 2733 is divided by 1155.
423
Calculate the remainder when 6290 is divided by 270.
80
Calculate the remainder when 159359 is divided by 39839.
3
What is the remainder when 11148 is divided by 5566?
16
What is the remainder when 37953 is divided by 2110?
2083
Calculate the remainder when 2229 is divided by 90.
69
What is the remainder when 12858 is divided by 217?
55
Calculate the remainder when 276809 is divided by 292.
285
What is the remainder when 3937 is divided by 10?
7
What is the remainder when 181366 is divided by 19?
11
Calculate the remainder when 3146 is divided by 449.
3
What is the remainder when 1202984 is divided by 62?
60
Calculate the remainder when 32182 is divided by 298.
296
Calculate the remainder when 68358 is divided by 173.
23
What is the remainder when 1815498 is divided by 67?
66
Calculate the remainder when 433036 is divided by 82.
76
What is the remainder when 224 is divided by 106?
12
What is the remainder when 4768 is divided by 11?
5
What is the remainder when 7563 is divided by 151?
13
What is the remainder when 27868 is divided by 31?
30
What is the remainder when 2914 is divided by 471?
88
Calculate the remainder when 4641 is divided by 186.
177
What is the remainder when 6369 is divided by 1585?
29
What is the remainder when 4444 is divided by 739?
10
Calculate the remainder when 25335 is divided by 134.
9
Wh